{"id":247,"date":"2014-07-23T10:22:32","date_gmt":"2014-07-23T07:22:32","guid":{"rendered":"http:\/\/www.jyvaskylankeilailuliitto.net\/ksranking\/?page_id=247"},"modified":"2014-07-23T10:32:23","modified_gmt":"2014-07-23T07:32:23","slug":"ranking-2013-2014","status":"publish","type":"page","link":"https:\/\/www.jyvaskylankeilailuliitto.net\/ksranking\/?page_id=247","title":{"rendered":"Ranking 2013-2014"},"content":{"rendered":"<p>Finaali pelattu, Jouni Helminen etevin. Finaalin tulokset \u00c4\u00e4nekoski Bowlingin <a href=\"http:\/\/www.aanekoskibowling.fi\/erikoiskilpailut\/\" target=\"_blank\">sivuilta<\/a>. Kunniataulukko ja eri sarjojen voittajat l\u00f6ytyv\u00e4t <a href=\"http:\/\/www.jyvaskylankeilailuliitto.net\/ksranking\/?page_id=2\" title=\"Tulospalvelu\">Tulospalvelun <\/a>alta<\/p>\n<figure id=\"attachment_238\" aria-describedby=\"caption-attachment-238\" style=\"width: 290px\" class=\"wp-caption alignnone\"><a href=\"http:\/\/www.jyvaskylankeilailuliitto.net\/ksranking\/wp-content\/uploads\/2014\/05\/10379236_10152244736454262_374606361_n.jpg\"><img loading=\"lazy\" decoding=\"async\" src=\"http:\/\/www.jyvaskylankeilailuliitto.net\/ksranking\/wp-content\/uploads\/2014\/05\/10379236_10152244736454262_374606361_n-300x198.jpg\" alt=\"KS Ranking 2014 - kolme parasta. Kuva: Ira Blomberg-Kantsila\" width=\"300\" height=\"198\" class=\"size-medium wp-image-238\" srcset=\"https:\/\/www.jyvaskylankeilailuliitto.net\/ksranking\/wp-content\/uploads\/2014\/05\/10379236_10152244736454262_374606361_n-300x198.jpg 300w, https:\/\/www.jyvaskylankeilailuliitto.net\/ksranking\/wp-content\/uploads\/2014\/05\/10379236_10152244736454262_374606361_n-624x412.jpg 624w, https:\/\/www.jyvaskylankeilailuliitto.net\/ksranking\/wp-content\/uploads\/2014\/05\/10379236_10152244736454262_374606361_n.jpg 960w\" sizes=\"auto, (max-width: 300px) 100vw, 300px\" \/><\/a><figcaption id=\"caption-attachment-238\" class=\"wp-caption-text\">KS Ranking 2014 &#8211; kolme parasta.<\/figcaption><\/figure>\n<p>Kiitokset kaikille osallistujille &#8211; palataan ensi kaudella asiaan. Tulevan kauden suunnittelusta viestit\u00e4\u00e4n t\u00e4nne kunhan raamit alkavat hahmottua.<\/p>\n<p>Keski-Suomen piirin liittojen, keilahallien ja seurojen yhteisty\u00f6ll\u00e4 on saatu aikaan Keski-Suomi Ranking -kiertue. Kiertueella on tarkoitus aktivoida keilaajia kiert\u00e4m\u00e4\u00e4n enemm\u00e4n alueen muissa halleissa &#8211; ja palkita aktiivisuus ja menestys kev\u00e4\u00e4ll\u00e4 j\u00e4rjestett\u00e4v\u00e4ss\u00e4 Ranking-finaalissa. Koko palkintopotti on <strong>4300 \u20ac<\/strong>. &#8211; HUOM! <a title=\"Palkinnot ja finaali\" href=\"http:\/\/www.jyvaskylankeilailuliitto.net\/ksranking\/?page_id=25\">Palkintoja <\/a>on nostettu kiertueen saaman suosion ansiosta.<\/p>\n<p>LOPPUTULOKSET 2013-2014<\/p>\n<p>1. Jouni Helminen 800,00 \u20ac<br \/>\n2. Jukka Poutiainen 550,00 \u20ac<br \/>\n3. Jesse Kallio 400,00 \u20ac<br \/>\n4. Pasi Tapper 300,00 \u20ac<br \/>\n5. Jami Salonen 250,00 \u20ac<br \/>\n6. Tomi Majoinen 200,00 \u20ac<br \/>\n7. Timo Peura 160,00 \u20ac<br \/>\n8. Eerikki Kiviniemi 140,00 \u20ac<br \/>\n9. Harri Ahonen 120,00 \u20ac<br \/>\n10. Jarno Blomberg 100,00 \u20ac<br \/>\n11. Janne Salonen 80,00 \u20ac<br \/>\n12. Pauli Ollikainen 70,00 \u20ac<br \/>\n13. Timo Broman 50,00 \u20ac<br \/>\n14. Jukka Kankaanp\u00e4\u00e4 50,00 \u20ac<br \/>\n15. Tomi Nieminen 50,00 \u20ac<br \/>\n16. Jouko M\u00f6ls\u00e4 50,00 \u20ac<br \/>\n17. Harri Koski 50,00 \u20ac<br \/>\n18. Miikka Poutiainen 50,00 \u20ac<br \/>\n19. Kari Nurminen 50,00 \u20ac<br \/>\n20. Seppo Varma 50,00 \u20ac<\/p>\n<p>alkukilpailun perusteella paras juniori: Jami Salonen 120,00 \u20ac, toiseksi sijoittuneelle 70 \u20ac Kalle \u00c4ss\u00e4m\u00e4ki (31.8.1995 j\u00e4lkeen syntyneet)<\/p>\n<p>alkukilpailun perusteella paras nainen: Sanna Nurminen 120,00 \u20ac, toiseksi sijoittuneelle 70 \u20ac Jenni Blomberg<\/p>\n<p>alkukilpailun perusteella paras veteraani: Jouko M\u00f6ls\u00e4 120,00 \u20ac toiseksi sijoittuneelle 70 \u20ac Seppo Varma<\/p>\n<p>alkukilpailun perusteella paras seniori: Jukka Poutiainen 120,00 \u20ac toiseksi sijoittuneelle 70 \u20ac Pasi Tapper<\/p>\n<p>Lis\u00e4ksi v\u00e4hint\u00e4\u00e4n 15 osakilpailuun osallistuneiden finaaliin selviytym\u00e4tt\u00f6mien kesken arvotaan 50 \u20ac Asko Riikonen<\/p>\n<p>Alkukilpailun tulokset l\u00f6ytyv\u00e4t <a href=\"http:\/\/www.jyvaskylankeilailuliitto.net\/ksranking\/wp-content\/uploads\/2013\/06\/KS-Ranking+2013-20149.pdf\">KS-Ranking+2013-2014<\/a><\/p>\n","protected":false},"excerpt":{"rendered":"<p>Finaali pelattu, Jouni Helminen etevin. Finaalin tulokset \u00c4\u00e4nekoski Bowlingin sivuilta. Kunniataulukko ja eri sarjojen voittajat l\u00f6ytyv\u00e4t Tulospalvelun alta Kiitokset kaikille osallistujille &#8211; palataan ensi kaudella asiaan. Tulevan kauden suunnittelusta viestit\u00e4\u00e4n t\u00e4nne kunhan raamit alkavat hahmottua. Keski-Suomen piirin liittojen, keilahallien ja seurojen yhteisty\u00f6ll\u00e4 on saatu aikaan Keski-Suomi Ranking -kiertue. Kiertueella on tarkoitus aktivoida keilaajia kiert\u00e4m\u00e4\u00e4n enemm\u00e4n &#8230; <a title=\"Ranking 2013-2014\" class=\"read-more\" href=\"https:\/\/www.jyvaskylankeilailuliitto.net\/ksranking\/?page_id=247\">Lue lis\u00e4\u00e4<span class=\"screen-reader-text\">Ranking 2013-2014<\/span><\/a><\/p>\n","protected":false},"author":1,"featured_media":0,"parent":0,"menu_order":0,"comment_status":"open","ping_status":"open","template":"","meta":{"footnotes":""},"class_list":["post-247","page","type-page","status-publish"],"_links":{"self":[{"href":"https:\/\/www.jyvaskylankeilailuliitto.net\/ksranking\/index.php?rest_route=\/wp\/v2\/pages\/247","targetHints":{"allow":["GET"]}}],"collection":[{"href":"https:\/\/www.jyvaskylankeilailuliitto.net\/ksranking\/index.php?rest_route=\/wp\/v2\/pages"}],"about":[{"href":"https:\/\/www.jyvaskylankeilailuliitto.net\/ksranking\/index.php?rest_route=\/wp\/v2\/types\/page"}],"author":[{"embeddable":true,"href":"https:\/\/www.jyvaskylankeilailuliitto.net\/ksranking\/index.php?rest_route=\/wp\/v2\/users\/1"}],"replies":[{"embeddable":true,"href":"https:\/\/www.jyvaskylankeilailuliitto.net\/ksranking\/index.php?rest_route=%2Fwp%2Fv2%2Fcomments&post=247"}],"version-history":[{"count":5,"href":"https:\/\/www.jyvaskylankeilailuliitto.net\/ksranking\/index.php?rest_route=\/wp\/v2\/pages\/247\/revisions"}],"predecessor-version":[{"id":254,"href":"https:\/\/www.jyvaskylankeilailuliitto.net\/ksranking\/index.php?rest_route=\/wp\/v2\/pages\/247\/revisions\/254"}],"wp:attachment":[{"href":"https:\/\/www.jyvaskylankeilailuliitto.net\/ksranking\/index.php?rest_route=%2Fwp%2Fv2%2Fmedia&parent=247"}],"curies":[{"name":"wp","href":"https:\/\/api.w.org\/{rel}","templated":true}]}}