{"id":16,"date":"2013-06-27T10:58:01","date_gmt":"2013-06-27T07:58:01","guid":{"rendered":"http:\/\/www.jyvaskylankeilailuliitto.net\/ksranking\/?page_id=16"},"modified":"2026-02-16T20:19:10","modified_gmt":"2026-02-16T18:19:10","slug":"osakilpailut","status":"publish","type":"page","link":"https:\/\/www.jyvaskylankeilailuliitto.net\/ksranking\/?page_id=16","title":{"rendered":"Osakilpailut 2025-2026 (15)"},"content":{"rendered":"\n<p><strong>Hutunki (3)<\/strong> <a href=\"https:\/\/hutunki.fi\/fi-fi\/lajit\/kilpakeilailu\/34\/\" target=\"_blank\" rel=\"noreferrer noopener\">Kilpakeilailu | Hutunki<\/a><br>1. HutuKen erikoinen 13.10.2025-14.12.2025<br>2. HutuKen Talvikaadot 15.12.2025-18.1.2026<br>3. Hutunki Open 19.1.2026-29.3.2026 (Finaali klo 13)<br><strong>Jyv\u00e4skyl\u00e4 (3)<\/strong> <a href=\"https:\/\/jyvaskylankeilahalli.fi\/kilpailutoiminta-2\/\" target=\"_blank\" rel=\"noreferrer noopener\">Kilpailutoiminta &#8211; Jyv\u00e4skyl\u00e4n Keilahalli<\/a><br>1. JBC 13.10.2025-23.11.2025<br>2. Sepot Turnaus 24.11.2025-5.1.2026<br>3. MUBC 16.2.2026-22.3.2026<br><strong>Keuruu (3)<\/strong> <a href=\"https:\/\/kskl.fi\/Erikoiskisat\/\" target=\"_blank\" rel=\"noreferrer noopener\">Keurussel\u00e4n keilailuliitto &#8211; Erikoiskisat<\/a><br>1. Vilke 13.10.2025-8.12.2025<br>2. Valoa Kaamokseen 9.12.2025-1.2.2026<br>3. KSB 2.2.2026-29.3.2026 (Finaali 30.3 klo 18)<br><strong>Saarij\u00e4rvi (3)<\/strong> <a href=\"https:\/\/liikelataamo.fi\/fi-fi\/article\/saarijarvi\/kilpailutoiminta-saarijarvi\/52\/\" target=\"_blank\" rel=\"noreferrer noopener\">KILPAILUTOIMINTA &#8211; Saarij\u00e4rvi | Liikelataamo<\/a><br>1. Saarikkeen syystalakoot 3.11.2025-21.12.2025<br>2. Pakkasen purema 5.1.2026-7.3.2026 <br>3. Ranking 3. osakilp. 9.3.2026-3.5.2026<br><strong>\u00c4\u00e4nekoski (3)<\/strong> <a href=\"https:\/\/aanekoskenkeilahalli.fi\/?page_id=28\" target=\"_blank\" rel=\"noreferrer noopener\">Kilpailut \u2013 Keilahalli \u2013 Etusivu<\/a><br>1. X-games 27.10.2025-20.12.2025<br>2. Koskan kisa 12.1.2026-8.3.2026<br>3. \u00c4kl kisa 9.3.2026-3.5.2026<\/p>\n","protected":false},"excerpt":{"rendered":"<p>Hutunki (3) Kilpakeilailu | Hutunki1. HutuKen erikoinen 13.10.2025-14.12.20252. HutuKen Talvikaadot 15.12.2025-18.1.20263. Hutunki Open 19.1.2026-29.3.2026 (Finaali klo 13)Jyv\u00e4skyl\u00e4 (3) Kilpailutoiminta &#8211; Jyv\u00e4skyl\u00e4n Keilahalli1. JBC 13.10.2025-23.11.20252. Sepot Turnaus 24.11.2025-5.1.20263. MUBC 16.2.2026-22.3.2026Keuruu (3) Keurussel\u00e4n keilailuliitto &#8211; Erikoiskisat1. Vilke 13.10.2025-8.12.20252. Valoa Kaamokseen 9.12.2025-1.2.20263. KSB 2.2.2026-29.3.2026 (Finaali 30.3 klo 18)Saarij\u00e4rvi (3) KILPAILUTOIMINTA &#8211; Saarij\u00e4rvi | Liikelataamo1. Saarikkeen syystalakoot 3.11.2025-21.12.20252. Pakkasen &#8230; <a title=\"Osakilpailut 2025-2026 (15)\" class=\"read-more\" href=\"https:\/\/www.jyvaskylankeilailuliitto.net\/ksranking\/?page_id=16\">Lue lis\u00e4\u00e4<span class=\"screen-reader-text\">Osakilpailut 2025-2026 (15)<\/span><\/a><\/p>\n","protected":false},"author":1,"featured_media":0,"parent":0,"menu_order":0,"comment_status":"open","ping_status":"open","template":"","meta":{"footnotes":""},"class_list":["post-16","page","type-page","status-publish"],"_links":{"self":[{"href":"https:\/\/www.jyvaskylankeilailuliitto.net\/ksranking\/index.php?rest_route=\/wp\/v2\/pages\/16","targetHints":{"allow":["GET"]}}],"collection":[{"href":"https:\/\/www.jyvaskylankeilailuliitto.net\/ksranking\/index.php?rest_route=\/wp\/v2\/pages"}],"about":[{"href":"https:\/\/www.jyvaskylankeilailuliitto.net\/ksranking\/index.php?rest_route=\/wp\/v2\/types\/page"}],"author":[{"embeddable":true,"href":"https:\/\/www.jyvaskylankeilailuliitto.net\/ksranking\/index.php?rest_route=\/wp\/v2\/users\/1"}],"replies":[{"embeddable":true,"href":"https:\/\/www.jyvaskylankeilailuliitto.net\/ksranking\/index.php?rest_route=%2Fwp%2Fv2%2Fcomments&post=16"}],"version-history":[{"count":115,"href":"https:\/\/www.jyvaskylankeilailuliitto.net\/ksranking\/index.php?rest_route=\/wp\/v2\/pages\/16\/revisions"}],"predecessor-version":[{"id":1555,"href":"https:\/\/www.jyvaskylankeilailuliitto.net\/ksranking\/index.php?rest_route=\/wp\/v2\/pages\/16\/revisions\/1555"}],"wp:attachment":[{"href":"https:\/\/www.jyvaskylankeilailuliitto.net\/ksranking\/index.php?rest_route=%2Fwp%2Fv2%2Fmedia&parent=16"}],"curies":[{"name":"wp","href":"https:\/\/api.w.org\/{rel}","templated":true}]}}